 s(p) = p**3 + 9*p**2 + 4*p - 12. Give s(-8).
20
Let f(o) = o**3 - 6*o**2 + 10*o - 10. What is f(4)?
-2
Let b(p) = -p**3 - 9*p**2 + 4*p + 35. Determine b(-9).
-1
Let f(d) = d**2 - 16*d + 29. Determine f(15).
14
Let r(b) = -b**2 + b - 17. Give r(0).
-17
Let j(t) = t**3 + 23*t**2 + 75*t - 14. Give j(-19).
5
Let d(s) = s**3 + s**2 - 9*s + 5. What is d(2)?
-1
Let s(t) = -t + 17. What is s(18)?
-1
Let w(a) = -12*a - 2. What is w(1)?
-14
Let y(z) = 3*z**3 + 41*z**2 - 14*z + 4. What is y(-14)?
4
Let x(f) = f**2 + 47*f + 27. Determine x(-46).
-19
Let t(i) = -i**2 - 14*i - 17. What is t(-13)?
-4
Let j(d) = d**3 - 5*d**2 + 5*d. Determine j(5).
25
Let n(m) = -36*m + 301. Give n(9).
-23
Let s(i) = i**3 + 4*i**2 - 2*i - 2. Calculate s(-2).
10
Let k(l) = 25*l - 166. Determine k(7).
9
Let o(a) = -3*a + 30. What is o(8)?
6
Let q(a) = a**2 + 16*a - 38. Calculate q(-18).
-2
Let v(q) = 2*q**3 - 27*q**2 + 12*q + 18. Calculate v(13).
5
Let a(k) = -k**3 - k**2 + 6*k - 4. Calculate a(-3).
-4
Let a(g) = -2*g**3 - 99*g**2 + 53*g + 144. What is a(-50)?
-6
Let f(u) = u**2 - 4*u - 1. Calculate f(0).
-1
Let t(k) = k**2 + 9*k + 3. Give t(-9).
3
Let i(c) = c**3 + 8*c**2 + 8*c + 7. What is i(-7)?
0
Let z(a) = -a**3 - 7*a**2 + 4*a + 21. What is z(-7)?
-7
Let z(c) = 3*c**2 - 57*c - 59. Determine z(20).
1
Let a(j) = j**2 + 28*j + 17. What is a(-34)?
221
Let k(n) = n - 32. Determine k(22).
-10
Let q(m) = -2*m**2 - 2. Give q(-6).
-74
Let x(p) = 2*p + 22. Determine x(10).
42
Let l(a) = 83*a**3 - 2*a**2 + 3*a - 2. Give l(1).
82
Let o(z) = z**3 + 10*z**2 + 8*z + 33. Determine o(-8).
97
Let p(k) = -2*k - 4. Give p(-6).
8
Let z(p) = 5*p - 15. Calculate z(7).
20
Let y(x) = -3*x**2 + 12*x - 7. Give y(5).
-22
Let d(q) = -q + 42. Give d(0).
42
Let k(f) = -17*f - 35. Calculate k(-3).
16
Let y(f) = 7*f + 136. Calculate y(-19).
3
Let h(o) = -46*o - 86. What is h(-2)?
6
Let g(q) = -4*q**2 - 23*q + 11. What is g(-6)?
5
Let n(u) = -9*u - 35. Give n(-6).
19
Let k(x) = -4*x**2 + 6*x + 7. What is k(2)?
3
Let m(h) = -5*h + 8. What is m(4)?
-12
Let j(z) = z**3 - 7*z**2 - 18*z - 2. What is j(9)?
-2
Let v(g) = -41*g + 161. What is v(4)?
-3
Let k(l) = -14*l + 29. What is k(2)?
1
Let y(s) = -s**3 - 10*s**2 - 11*s + 4. Give y(-9).
22
Let w(y) = 2*y**2 - 11*y + 12. What is w(4)?
0
Let w(o) = o**2 - o - 22. Calculate w(-5).
8
Let i(g) = -59*g - 170. Determine i(-3).
7
Let s(m) = 7*m - 78. What is s(11)?
-1
Let q(c) = c**3 - 4*c**2 - 7*c + 2. Determine q(5).
-8
Let u(t) = -15*t + 93. Calculate u(7).
-12
Let m(r) = -4*r**2 - 26*r - 8. Determine m(-4).
32
Let b(i) = 2*i - 61. Calculate b(24).
-13
Let h(q) = 5*q. Give h(10).
50
Let m(g) = g**2 + g + 1. Determine m(-6).
31
Let d(a) = a**2 + 12*a - 16. Determine d(-14).
12
Let i(d) = -d + 2. Give i(0).
2
Let g(r) = -r**3 - 10*r**2 - 11*r - 23. Calculate g(-9).
-5
Let c(l) = l**3 + 5*l**2 - 3*l - 7. Calculate c(-5).
8
Let b(k) = -k**2 + 34*k + 38. Give b(35).
3
Let w(g) = -g**3 - 6*g**2 - 5*g + 5. Give w(-5).
5
Let j(n) = -n**2 + n + 5. Calculate j(4).
-7
Let c(o) = 2*o**2 - 3*o - 259. Give c(12).
-7
Let b(l) = l**2 - 12*l - 16. Calculate b(5).
-51
Let c(w) = w**3 + 12*w**2 + 12*w - 30. What is c(-10)?
50
Let m(x) = -x**2 - x + 6. What is m(5)?
-24
Let q(v) = -v**3 + 3*v**2 - 3*v - 1. Give q(3).
-10
Let d(p) = -72*p + 1. Give d(1).
-71
Let a(m) = m**3 - 3*m**2 - 17*m - 5. Determine a(5).
-40
Let f(s) = 26*s + 140. Determine f(-6).
-16
Let u(a) = a**2 - 5*a + 55. Determine u(7).
69
Let i(y) = -y**2 - 8*y + 13. Determine i(-10).
-7
Let g(k) = -30*k + 33. Give g(1).
3
Let n(z) = -z**3 - 8*z**2 - 4*z - 25. Calculate n(-8).
7
Let s(g) = g**3 - 8*g**2 - 84*g + 5. Calculate s(14).
5
Let a(v) = -v**2 - 9*v + 6. What is a(-5)?
26
Let f(y) = -2*y + 130. Give f(16).
98
Let a(j) = j - 7. What is a(11)?
4
Let x(b) = b**3 - 9*b**2 + 3*b - 12. What is x(9)?
15
Let k(b) = b**2 - 4*b + 10. Determine k(7).
31
Let j(r) = r**2 + 16*r + 5. Give j(-16).
5
Let x(b) = 9*b - 21. What is x(6)?
33
Let m(b) = b**2 - 17*b - 202. Give m(-8).
-2
Let y(g) = g**3 + 2*g**2 + g - 1. What is y(-3)?
-13
Let j(b) = b**3 + 17*b**2 + 9*b - 22. What is j(-16)?
90
Let k(m) = -9*m - 6. Determine k(-6).
48
Let q(x) = -14*x - 14. Give q(-10).
126
Let b(m) = 4*m - 5. What is b(-4)?
-21
Let h(z) = -33*z - 1426. Determine h(-43).
-7
Let t(u) = 5*u - 8. Give t(-6).
-38
Let k(u) = -u - 1. Determine k(-10).
9
Let g(c) = -c + 13. Calculate g(7).
6
Let i(r) = r**2 - 16*r + 3. Calculate i(13).
-36
Let i(a) = -24*a - 152. What is i(-6)?
-8
Let h(m) = m**3 - 23*m**2 + 43*m + 4. What is h(21)?
25
Let p(j) = -9*j - 261. Calculate p(-31).
18
Let k(z) = -z**2 + 7*z + 12. Calculate k(7).
12
Let s(a) = -a**2 - 7*a - 10. What is s(-9)?
-28
Let u(p) = -47*p - 323. What is u(-7)?
6
Let t(i) = -2*i + 7. Give t(-1).
9
Let h(a) = -2*a - 4. What is h(-5)?
6
Let v(x) = 6*x - 7. Give v(-5).
-37
Let g(r) = -r**3 + 17*r**2 - 19*r + 48. What is g(16)?
0
Let j(s) = s - 19. Determine j(17).
-2
Let v(r) = 3*r**3 + r + 2. Give v(-2).
-24
Let n(p) = p - 2. Give n(-8).
-10
Let p(a) = -2*a**2 - 2*a. Determine p(3).
-24
Let s(u) = -u**2 - 10*u + 14. Give s(-12).
-10
Let n(z) = z**2 - 6*z + 10. What is n(8)?
26
Let a(f) = 18*f**3 + 2*f**2 - f - 3. Give a(2).
147
Let r(t) = t**3 - 15*t**2 - 15*t + 2. Give r(16).
18
Let f(u) = -22*u**2. Give f(-2).
-88
Let y(s) = 17*s + 52. What is y(-3)?
1
Let i(m) = -4*m + 44. Determine i(-10).
84
Let n(a) = 2*a**2 + 33*a + 20. Determine n(-16).
4
Let h(m) = 3*m**3 - 32*m**2 + 18*m + 32. Give h(10).
12
Let v(y) = 13*y - 10. Determine v(1).
3
Let b(g) = 4*g**3 + 37*g**2 + 8*g - 10. Give b(-9).
-1
Let d(k) = k**3 + 2*k**2 + k + 1. Determine d(0).
1
Let f(x) = x**3 - 8*x**2 + x + 7. Determine f(8).
15
Let k(r) = -51*r - 50. What is k(-2)?
52
Let l(p) = 5*p + 136. Determine l(-28).
-4
Let a(f) = f**3 + 15*f**2 - 14*f + 21. Calculate a(-16).
-11
Let t(z) = -z**2 - 14*z - 14. Give t(-11).
19
Let v(r) = r**3 - 14*r**2 + 16*r - 23. Determine v(13).
16
Let v(p) = -p**2 + 21*p - 16. Give v(22).
-38
Let n(f) = f**3 + 12*f**2 + 10*f - 16. Give n(-11).
-5
Let r(x) = -7*x + 64. Give r(7).
15
Let q(o) = -o**2 - 15*o - 22. Give q(-19).
-98
Let m(w) = -w**3 - 13*w**2 + 14*w - 21. What is m(-14)?
-21
Let z(s) = -205*s - 1225. Give z(-6).
5
Let c(t) = -3*t - 2. Determine c(2).
-8
Let v(f) = -2*f**2 - 19*f - 42. Determine v(-8).
-18
Let k(g) = g**3 - 29*g**2 - 2*g + 70. What is k(29)?
12
Let h(z) = 9*z - 45. Calculate h(5).
0
Let o(g) = -g**3 - 3*g**2 + 2*g. What is o(-3)?
-6
Let b(o) = -16*o**3 + 2*o**2 - 2*o + 3. Calculate b(1).
-13
Let p(f) = 39*f**2 - 1. What is p(1)?
38
Let p(n) = -5*n**2 + 41*n - 10. Calculate p(8).
-2
Let h(a) = 2*a + 60. Determine h(-33).
-6
Let i(n) = -n**2 + 2*n + 3. Calculate i(3).
0
Let c(v) = -v**2 - 6*v - 4. Determine c(-8).
-20
Let v(f) = 73*f - 297. Calculate v(4).
-5
Let s(r) = 2*r + 14. Calculate s(-6).
2
Let z(w) = -w**2 - 6*w - 11. What is z(-3)?
-2
Let t(p) = -10*p - 12. Give t(7).
-82
Let m(h) = h**3 - 11*h**2 - h + 16. What is m(11)?
5
Let c(z) = -7*z - 4. What is c(-2)?
10
Let n(w) = 41*w + 110. Determine n(-6).
-136
Let l(h) = 59*h - 6. Determine l(-1).
-65
Let h(u) = -u**3 - 11*u**2 + 11*u - 9. What is h(-12)?
3
Let y(b) = -b**3 - 10*b**2 - 10*b + 5. Give y(-8).
-43
Let y(g) = 2*g**2 - 2*g + 16. Give y(0).
16
Let l(i) = -i**2 - 2*i + 4. Determine l(7).
-59
Let k(h) = -5*h - 1. Determine k(-1).
4
Let t(s) = s**3 - 2*s**2 - 67*s + 14. Calculate t(9).
-22
Let s(k) = k**2 - 5*k - 4. Give s(5).
-4
Let t(a) = a**3 + 15*a**2 - 17*a + 4. Determine t(-16).
20
Let o(r) = -22*r**2 + 8*r - 6. Determine o(1).
-20
Let i(v) = v**3 + 7*v**2 - 10*v - 11. Give i(-8).
5
Let v(g) = -5*g - 44. Determine v(-8).
-4
Let r(b) = 8*b - 377. Give r(48).
7
Let x(b) = b**2 - 4*b + 11. Give x(5).
16
Let x(o) = -10*o - 166. Give x(-17).
4
Let k(y) = y**2 + 2*y - 30. Give k(-9).
33
Let v(o) = -o**3 + 3*o**2 - 2*o + 10. What is v(3)?
4
Let n(y) = -y**2 + 38*y + 37. Give n(39).
-2
Let u(g) = g**3 - 8*g**2 + 5*g + 7. Calculate u(7).
-7
Let y(t) = t**2 - 5*t + 8. What is y(4)?
4
Let q(v) = 12*v + 6. Determine q(2).
30
Let u(t) = -t**3 - 8*t**2 - 9. Calculate u(-8).
-9
Let y(z) = 6*z - 54. Give y(7).
-12
Let v(p) = p**3 - 3*p**2 + 2*p + 2. Determine v(3).
8
Let x(d) = -4*d**2 + 2*d + 4. Give x(3).
-26
Let u(k) = 3*k - 9.